{"id":18042,"date":"2026-02-16T15:11:25","date_gmt":"2026-02-16T15:11:25","guid":{"rendered":"https:\/\/globalhungary.hu\/index.php\/property\/pecs-buzakalasz-utca-82\/"},"modified":"2026-04-14T08:01:18","modified_gmt":"2026-04-14T08:01:18","slug":"pecs-buzakalasz-utca-82","status":"publish","type":"property","link":"https:\/\/globalhungary.hu\/index.php\/property\/pecs-buzakalasz-utca-82\/","title":{"rendered":"P\u00e9cs &#8211; B\u00fazakal\u00e1sz utca 82"},"content":{"rendered":"<p><span style=\"background-color:rgb(255,255,255);color:rgb(16,17,19);\"><span style=\"-webkit-text-stroke-width:0px;display:inline !important;float:none;font-family:&quot;IBM Plex Sans&quot;, sans-serif;font-size:16px;font-style:normal;font-variant-caps:normal;font-variant-ligatures:normal;font-weight:400;letter-spacing:normal;orphans:2;text-align:start;text-decoration-color:initial;text-decoration-style:initial;text-decoration-thickness:initial;text-indent:0px;text-transform:none;white-space:normal;widows:2;word-spacing:0px;\">P\u00e9cs-Somogy&nbsp; frekvent\u00e1lt r\u00e9sz\u00e9n elad\u00f3 65 nm-es h\u00e1zr\u00e9sz, nagy terasszal m\u0171hellyel \u00e9s aut\u00f3be\u00e1ll\u00e1si lehet\u0151s\u00e9ggel!<\/span><\/span><\/p>\n<p><span style=\"background-color:rgb(255,255,255);color:rgb(16,17,19);\"><span style=\"-webkit-text-stroke-width:0px;display:inline !important;float:none;font-family:&quot;IBM Plex Sans&quot;, sans-serif;font-size:16px;font-style:normal;font-variant-caps:normal;font-variant-ligatures:normal;font-weight:400;letter-spacing:normal;orphans:2;text-align:start;text-decoration-color:initial;text-decoration-style:initial;text-decoration-thickness:initial;text-indent:0px;text-transform:none;white-space:normal;widows:2;word-spacing:0px;\">Csendes, nyugodt k\u00f6rnyezetben, elad\u00f3 egy 65 nm-es h\u00e1zr\u00e9szt, amelyhez saj\u00e1t m\u0171hely \u00e9s aut\u00f3be\u00e1ll\u00e1si lehet\u0151s\u00e9g is tartozik.<\/span><\/span><\/p>\n<p><span style=\"background-color:rgb(255,255,255);color:rgb(16,17,19);\"><span style=\"-webkit-text-stroke-width:0px;display:inline !important;float:none;font-family:&quot;IBM Plex Sans&quot;, sans-serif;font-size:16px;font-style:normal;font-variant-caps:normal;font-variant-ligatures:normal;font-weight:400;letter-spacing:normal;orphans:2;text-align:start;text-decoration-color:initial;text-decoration-style:initial;text-decoration-thickness:initial;text-indent:0px;text-transform:none;white-space:normal;widows:2;word-spacing:0px;\">A h\u00e1zr\u00e9sz elrendez\u00e9se praktikus, ide\u00e1lis v\u00e1laszt\u00e1s lehet kisebb csal\u00e1dnak, p\u00e1roknak vagy ak\u00e1r v\u00e1llalkoz\u00f3knak is, akik m\u0171helyt szeretn\u00e9nek otthonr\u00f3l \u00fczemeltetni.<\/span><\/span><\/p>\n<p><span style=\"background-color:rgb(255,255,255);color:rgb(16,17,19);\"><span style=\"-webkit-text-stroke-width:0px;display:inline !important;float:none;font-family:&quot;IBM Plex Sans&quot;, sans-serif;font-size:16px;font-style:normal;font-variant-caps:normal;font-variant-ligatures:normal;font-weight:400;letter-spacing:normal;orphans:2;text-align:start;text-decoration-color:initial;text-decoration-style:initial;text-decoration-thickness:initial;text-indent:0px;text-transform:none;white-space:normal;widows:2;word-spacing:0px;\">F\u0151bb jellemz\u0151k:<\/span><\/span><\/p>\n<p><span style=\"background-color:rgb(255,255,255);color:rgb(16,17,19);\"><span style=\"-webkit-text-stroke-width:0px;display:inline !important;float:none;font-family:&quot;IBM Plex Sans&quot;, sans-serif;font-size:16px;font-style:normal;font-variant-caps:normal;font-variant-ligatures:normal;font-weight:400;letter-spacing:normal;orphans:2;text-align:start;text-decoration-color:initial;text-decoration-style:initial;text-decoration-thickness:initial;text-indent:0px;text-transform:none;white-space:normal;widows:2;word-spacing:0px;\">\u2022 65 nm-es lak\u00f3t\u00e9r<\/span><\/span><\/p>\n<p><span style=\"background-color:rgb(255,255,255);color:rgb(16,17,19);\"><span style=\"-webkit-text-stroke-width:0px;display:inline !important;float:none;font-family:&quot;IBM Plex Sans&quot;, sans-serif;font-size:16px;font-style:normal;font-variant-caps:normal;font-variant-ligatures:normal;font-weight:400;letter-spacing:normal;orphans:2;text-align:start;text-decoration-color:initial;text-decoration-style:initial;text-decoration-thickness:initial;text-indent:0px;text-transform:none;white-space:normal;widows:2;word-spacing:0px;\">\u2022 saj\u00e1t m\u0171hely<\/span><\/span><\/p>\n<p><span style=\"background-color:rgb(255,255,255);color:rgb(16,17,19);\"><span style=\"-webkit-text-stroke-width:0px;display:inline !important;float:none;font-family:&quot;IBM Plex Sans&quot;, sans-serif;font-size:16px;font-style:normal;font-variant-caps:normal;font-variant-ligatures:normal;font-weight:400;letter-spacing:normal;orphans:2;text-align:start;text-decoration-color:initial;text-decoration-style:initial;text-decoration-thickness:initial;text-indent:0px;text-transform:none;white-space:normal;widows:2;word-spacing:0px;\">\u2022 aut\u00f3be\u00e1ll\u00e1si lehet\u0151s\u00e9g<\/span><\/span><\/p>\n<p><span style=\"background-color:rgb(255,255,255);color:rgb(16,17,19);\"><span style=\"-webkit-text-stroke-width:0px;display:inline !important;float:none;font-family:&quot;IBM Plex Sans&quot;, sans-serif;font-size:16px;font-style:normal;font-variant-caps:normal;font-variant-ligatures:normal;font-weight:400;letter-spacing:normal;orphans:2;text-align:start;text-decoration-color:initial;text-decoration-style:initial;text-decoration-thickness:initial;text-indent:0px;text-transform:none;white-space:normal;widows:2;word-spacing:0px;\">\u2022 nyugodt k\u00f6rny\u00e9k<\/span><\/span><\/p>\n<p><span style=\"background-color:rgb(255,255,255);color:rgb(16,17,19);\"><span style=\"-webkit-text-stroke-width:0px;display:inline !important;float:none;font-family:&quot;IBM Plex Sans&quot;, sans-serif;font-size:16px;font-style:normal;font-variant-caps:normal;font-variant-ligatures:normal;font-weight:400;letter-spacing:normal;orphans:2;text-align:start;text-decoration-color:initial;text-decoration-style:initial;text-decoration-thickness:initial;text-indent:0px;text-transform:none;white-space:normal;widows:2;word-spacing:0px;\">Az ingatlan j\u00f3 lehet\u0151s\u00e9g azok sz\u00e1m\u00e1ra, akik csendes k\u00f6rnyezetben keresnek otthont, ugyanakkor fontos sz\u00e1mukra a v\u00e1ros k\u00f6zels\u00e9ge \u00e9s a praktikus mell\u00e9k\u00e9p\u00fclet.<\/span><\/span><\/p>\n<p><span style=\"background-color:rgb(255,255,255);color:rgb(16,17,19);\"><span style=\"-webkit-text-stroke-width:0px;display:inline !important;float:none;font-family:&quot;IBM Plex Sans&quot;, sans-serif;font-size:16px;font-style:normal;font-variant-caps:normal;font-variant-ligatures:normal;font-weight:400;letter-spacing:normal;orphans:2;text-align:start;text-decoration-color:initial;text-decoration-style:initial;text-decoration-thickness:initial;text-indent:0px;text-transform:none;white-space:normal;widows:2;word-spacing:0px;\">Csere-besz\u00e1m\u00edt\u00e1s lehets\u00e9ges!<\/span><\/span><\/p>\n","protected":false},"excerpt":{"rendered":"<p>P\u00e9cs-Somogy&nbsp; frekvent\u00e1lt r\u00e9sz\u00e9n elad\u00f3 65 nm-es h\u00e1zr\u00e9sz, nagy terasszal m\u0171hellyel \u00e9s aut\u00f3be\u00e1ll\u00e1si lehet\u0151s\u00e9ggel! Csendes, nyugodt k\u00f6rnyezetben, elad\u00f3 egy 65 nm-es h\u00e1zr\u00e9szt, amelyhez saj\u00e1t m\u0171hely \u00e9s aut\u00f3be\u00e1ll\u00e1si lehet\u0151s\u00e9g is tartozik. A h\u00e1zr\u00e9sz elrendez\u00e9se praktikus, ide\u00e1lis v\u00e1laszt\u00e1s lehet kisebb csal\u00e1dnak, p\u00e1roknak vagy ak\u00e1r v\u00e1llalkoz\u00f3knak is, akik m\u0171helyt szeretn\u00e9nek otthonr\u00f3l \u00fczemeltetni. F\u0151bb jellemz\u0151k: \u2022 65 nm-es lak\u00f3t\u00e9r \u2022 [&hellip;]<\/p>\n","protected":false},"author":1,"featured_media":18043,"parent":0,"menu_order":0,"template":"","property_type":[5586],"property_status":[36],"property_feature":[],"property_label":[5591],"property_country":[],"property_state":[106],"property_city":[3772],"property_area":[],"class_list":["post-18042","property","type-property","status-publish","has-post-thumbnail","hentry","property_type-haz","property_status-elado","property_label-kiemelt","property_state-baranya","property_city-pecs"],"property_meta":{"_oracle_property_id":["1730"],"fave_agent_display_option":["agent_info"],"fave_agents":["17523"],"fave_property_map_address":["P\u00e9cs, B\u00fazakal\u00e1sz utca 82"],"fave_property_address":["B\u00fazakal\u00e1sz utca 82"],"fave_property_size":["65"],"fave_property_size_prefix":["m\u00b2"],"fave_property_price":["31900000"],"fave_property_country":["HU"],"fave_property_land":["1000"],"fave_property_land_postfix":["m\u00b2"],"_thumbnail_id":["18043"],"houzez_total_property_views":["163"],"houzez_views_by_date":["a:36:{s:10:\"02-17-2026\";i:2;s:10:\"02-23-2026\";i:1;s:10:\"02-25-2026\";i:1;s:10:\"03-04-2026\";i:3;s:10:\"03-08-2026\";i:1;s:10:\"03-10-2026\";i:8;s:10:\"03-11-2026\";i:3;s:10:\"03-15-2026\";i:5;s:10:\"03-16-2026\";i:14;s:10:\"03-17-2026\";i:21;s:10:\"03-18-2026\";i:9;s:10:\"03-19-2026\";i:7;s:10:\"03-20-2026\";i:4;s:10:\"03-21-2026\";i:3;s:10:\"03-22-2026\";i:1;s:10:\"03-23-2026\";i:3;s:10:\"03-24-2026\";i:1;s:10:\"03-25-2026\";i:4;s:10:\"03-26-2026\";i:3;s:10:\"03-27-2026\";i:9;s:10:\"03-28-2026\";i:7;s:10:\"03-29-2026\";i:6;s:10:\"03-30-2026\";i:3;s:10:\"03-31-2026\";i:4;s:10:\"04-01-2026\";i:1;s:10:\"04-02-2026\";i:12;s:10:\"04-04-2026\";i:11;s:10:\"04-06-2026\";i:6;s:10:\"04-07-2026\";i:1;s:10:\"04-08-2026\";i:1;s:10:\"04-14-2026\";i:2;s:10:\"04-20-2026\";i:2;s:10:\"04-21-2026\";i:1;s:10:\"04-25-2026\";i:1;s:10:\"04-30-2026\";i:1;s:10:\"05-01-2026\";i:1;}"],"houzez_recently_viewed":["2026-05-01 12:00:08"],"_edit_lock":["1774025649:1"],"_edit_last":["1"],"fave_show_price_placeholder":["0"],"fave_property_location":["46.125487,18.3118448,14"],"houzez_geolocation_lat":["46.125487"],"houzez_geolocation_long":["18.3118448"],"fave_property_map_street_view":["hide"],"fave_single_top_area":["global"],"fave_single_content_area":["global"],"houzez_manual_expire":["0"],"_houzez_expiration_date_status":["saved"],"fave_property_images":["18044","18045","18046","18047","18048"],"_elementor_page_assets":["a:0:{}"]},"_links":{"self":[{"href":"https:\/\/globalhungary.hu\/index.php\/wp-json\/wp\/v2\/properties\/18042","targetHints":{"allow":["GET"]}}],"collection":[{"href":"https:\/\/globalhungary.hu\/index.php\/wp-json\/wp\/v2\/properties"}],"about":[{"href":"https:\/\/globalhungary.hu\/index.php\/wp-json\/wp\/v2\/types\/property"}],"author":[{"embeddable":true,"href":"https:\/\/globalhungary.hu\/index.php\/wp-json\/wp\/v2\/users\/1"}],"version-history":[{"count":1,"href":"https:\/\/globalhungary.hu\/index.php\/wp-json\/wp\/v2\/properties\/18042\/revisions"}],"predecessor-version":[{"id":18193,"href":"https:\/\/globalhungary.hu\/index.php\/wp-json\/wp\/v2\/properties\/18042\/revisions\/18193"}],"wp:featuredmedia":[{"embeddable":true,"href":"https:\/\/globalhungary.hu\/index.php\/wp-json\/wp\/v2\/media\/18043"}],"wp:attachment":[{"href":"https:\/\/globalhungary.hu\/index.php\/wp-json\/wp\/v2\/media?parent=18042"}],"wp:term":[{"taxonomy":"property_type","embeddable":true,"href":"https:\/\/globalhungary.hu\/index.php\/wp-json\/wp\/v2\/property_type?post=18042"},{"taxonomy":"property_status","embeddable":true,"href":"https:\/\/globalhungary.hu\/index.php\/wp-json\/wp\/v2\/property_status?post=18042"},{"taxonomy":"property_feature","embeddable":true,"href":"https:\/\/globalhungary.hu\/index.php\/wp-json\/wp\/v2\/property_feature?post=18042"},{"taxonomy":"property_label","embeddable":true,"href":"https:\/\/globalhungary.hu\/index.php\/wp-json\/wp\/v2\/property_label?post=18042"},{"taxonomy":"property_country","embeddable":true,"href":"https:\/\/globalhungary.hu\/index.php\/wp-json\/wp\/v2\/property_country?post=18042"},{"taxonomy":"property_state","embeddable":true,"href":"https:\/\/globalhungary.hu\/index.php\/wp-json\/wp\/v2\/property_state?post=18042"},{"taxonomy":"property_city","embeddable":true,"href":"https:\/\/globalhungary.hu\/index.php\/wp-json\/wp\/v2\/property_city?post=18042"},{"taxonomy":"property_area","embeddable":true,"href":"https:\/\/globalhungary.hu\/index.php\/wp-json\/wp\/v2\/property_area?post=18042"}],"curies":[{"name":"wp","href":"https:\/\/api.w.org\/{rel}","templated":true}]}}

Pécs &#8211; Búzakalász utca 82

<p><span style="background-color:rgb(255,255,255);color:rgb(16,17,19);"><span style="-webkit-text-stroke-width:0px;display:inline !important;float:none;font-family:&quot;IBM Plex Sans&quot;, sans-serif;font-size:16px;font-style:normal;font-variant-caps:normal;font-variant-ligatures:normal;font-weight:400;letter-spacing:normal;orphans:2;text-align:start;text-decoration-color:initial;text-decoration-style:initial;text-decoration-thickness:initial;text-indent:0px;text-transform:none;white-space:normal;widows:2;word-spacing:0px;">Pécs-Somogy&nbsp; frekventált részén eladó 65 nm-es házrész, nagy terasszal műhellyel és autóbeállási lehetőséggel!</span></span></p>
<p><span style="background-color:rgb(255,255,255);color:rgb(16,17,19);"><span style="-webkit-text-stroke-width:0px;display:inline !important;float:none;font-family:&quot;IBM Plex Sans&quot;, sans-serif;font-size:16px;font-style:normal;font-variant-caps:normal;font-variant-ligatures:normal;font-weight:400;letter-spacing:normal;orphans:2;text-align:start;text-decoration-color:initial;text-decoration-style:initial;text-decoration-thickness:initial;text-indent:0px;text-transform:none;white-space:normal;widows:2;word-spacing:0px;">Csendes, nyugodt környezetben, eladó egy 65 nm-es házrészt, amelyhez saját műhely és autóbeállási lehetőség is tartozik.</span></span></p>
<p><span style="background-color:rgb(255,255,255);color:rgb(16,17,19);"><span style="-webkit-text-stroke-width:0px;display:inline !important;float:none;font-family:&quot;IBM Plex Sans&quot;, sans-serif;font-size:16px;font-style:normal;font-variant-caps:normal;font-variant-ligatures:normal;font-weight:400;letter-spacing:normal;orphans:2;text-align:start;text-decoration-color:initial;text-decoration-style:initial;text-decoration-thickness:initial;text-indent:0px;text-transform:none;white-space:normal;widows:2;word-spacing:0px;">A házrész elrendezése praktikus, ideális választás lehet kisebb családnak, pároknak vagy akár vállalkozóknak is, akik műhelyt szeretnének otthonról üzemeltetni.</span></span></p>
<p><span style="background-color:rgb(255,255,255);color:rgb(16,17,19);"><span style="-webkit-text-stroke-width:0px;display:inline !important;float:none;font-family:&quot;IBM Plex Sans&quot;, sans-serif;font-size:16px;font-style:normal;font-variant-caps:normal;font-variant-ligatures:normal;font-weight:400;letter-spacing:normal;orphans:2;text-align:start;text-decoration-color:initial;text-decoration-style:initial;text-decoration-thickness:initial;text-indent:0px;text-transform:none;white-space:normal;widows:2;word-spacing:0px;">Főbb jellemzők:</span></span></p>
<p><span style="background-color:rgb(255,255,255);color:rgb(16,17,19);"><span style="-webkit-text-stroke-width:0px;display:inline !important;float:none;font-family:&quot;IBM Plex Sans&quot;, sans-serif;font-size:16px;font-style:normal;font-variant-caps:normal;font-variant-ligatures:normal;font-weight:400;letter-spacing:normal;orphans:2;text-align:start;text-decoration-color:initial;text-decoration-style:initial;text-decoration-thickness:initial;text-indent:0px;text-transform:none;white-space:normal;widows:2;word-spacing:0px;">• 65 nm-es lakótér</span></span></p>
<p><span style="background-color:rgb(255,255,255);color:rgb(16,17,19);"><span style="-webkit-text-stroke-width:0px;display:inline !important;float:none;font-family:&quot;IBM Plex Sans&quot;, sans-serif;font-size:16px;font-style:normal;font-variant-caps:normal;font-variant-ligatures:normal;font-weight:400;letter-spacing:normal;orphans:2;text-align:start;text-decoration-color:initial;text-decoration-style:initial;text-decoration-thickness:initial;text-indent:0px;text-transform:none;white-space:normal;widows:2;word-spacing:0px;">• saját műhely</span></span></p>
<p><span style="background-color:rgb(255,255,255);color:rgb(16,17,19);"><span style="-webkit-text-stroke-width:0px;display:inline !important;float:none;font-family:&quot;IBM Plex Sans&quot;, sans-serif;font-size:16px;font-style:normal;font-variant-caps:normal;font-variant-ligatures:normal;font-weight:400;letter-spacing:normal;orphans:2;text-align:start;text-decoration-color:initial;text-decoration-style:initial;text-decoration-thickness:initial;text-indent:0px;text-transform:none;white-space:normal;widows:2;word-spacing:0px;">• autóbeállási lehetőség</span></span></p>
<p><span style="background-color:rgb(255,255,255);color:rgb(16,17,19);"><span style="-webkit-text-stroke-width:0px;display:inline !important;float:none;font-family:&quot;IBM Plex Sans&quot;, sans-serif;font-size:16px;font-style:normal;font-variant-caps:normal;font-variant-ligatures:normal;font-weight:400;letter-spacing:normal;orphans:2;text-align:start;text-decoration-color:initial;text-decoration-style:initial;text-decoration-thickness:initial;text-indent:0px;text-transform:none;white-space:normal;widows:2;word-spacing:0px;">• nyugodt környék</span></span></p>
<p><span style="background-color:rgb(255,255,255);color:rgb(16,17,19);"><span style="-webkit-text-stroke-width:0px;display:inline !important;float:none;font-family:&quot;IBM Plex Sans&quot;, sans-serif;font-size:16px;font-style:normal;font-variant-caps:normal;font-variant-ligatures:normal;font-weight:400;letter-spacing:normal;orphans:2;text-align:start;text-decoration-color:initial;text-decoration-style:initial;text-decoration-thickness:initial;text-indent:0px;text-transform:none;white-space:normal;widows:2;word-spacing:0px;">Az ingatlan jó lehetőség azok számára, akik csendes környezetben keresnek otthont, ugyanakkor fontos számukra a város közelsége és a praktikus melléképület.</span></span></p>
<p><span style="background-color:rgb(255,255,255);color:rgb(16,17,19);"><span style="-webkit-text-stroke-width:0px;display:inline !important;float:none;font-family:&quot;IBM Plex Sans&quot;, sans-serif;font-size:16px;font-style:normal;font-variant-caps:normal;font-variant-ligatures:normal;font-weight:400;letter-spacing:normal;orphans:2;text-align:start;text-decoration-color:initial;text-decoration-style:initial;text-decoration-thickness:initial;text-indent:0px;text-transform:none;white-space:normal;widows:2;word-spacing:0px;">Csere-beszámítás lehetséges!</span></span></p>

<p>Pécs-Somogy&nbsp; frekventált részén eladó 65 nm-es házrész, nagy terasszal műhellyel és autóbeállási lehetőséggel! Csendes, nyugodt környezetben, eladó egy 65 nm-es házrészt, amelyhez saját műhely és autóbeállási lehetőség is tartozik. A házrész elrendezése praktikus, ideális választás lehet kisebb családnak, pároknak vagy akár vállalkozóknak is, akik műhelyt szeretnének otthonról üzemeltetni. Főbb jellemzők: • 65 nm-es lakótér • [&hellip;]</p>

Pécs, Búzakalász utca 82

Búzakalász utca 82
