{"id":18725,"date":"2026-03-18T20:27:44","date_gmt":"2026-03-18T20:27:44","guid":{"rendered":"https:\/\/globalhungary.hu\/index.php\/property\/gerendahaz-az-erdo-szelen\/"},"modified":"2026-04-14T08:00:39","modified_gmt":"2026-04-14T08:00:39","slug":"gerendahaz-az-erdo-szelen","status":"publish","type":"property","link":"https:\/\/globalhungary.hu\/index.php\/property\/gerendahaz-az-erdo-szelen\/","title":{"rendered":"Gerendah\u00e1z az erd\u0151 sz\u00e9l\u00e9n!"},"content":{"rendered":"<p><span style=\"background-color:rgb(255,255,255);color:rgb(16,17,19);\"><span style=\"-webkit-text-stroke-width:0px;display:inline !important;float:none;font-family:&quot;IBM Plex Sans&quot;, sans-serif;font-size:16px;font-style:normal;font-variant-caps:normal;font-variant-ligatures:normal;font-weight:400;letter-spacing:normal;orphans:2;text-align:start;text-decoration-color:initial;text-decoration-style:initial;text-decoration-thickness:initial;text-indent:0px;text-transform:none;white-space:normal;widows:2;word-spacing:0px;\">INGATLANCSERE, -BESZ\u00c1M\u00cdT\u00c1S LEHET\u0150S\u00c9GE!<\/span><\/span><\/p>\n<p><span style=\"background-color:rgb(255,255,255);color:rgb(16,17,19);\"><span style=\"-webkit-text-stroke-width:0px;display:inline !important;float:none;font-family:&quot;IBM Plex Sans&quot;, sans-serif;font-size:16px;font-style:normal;font-variant-caps:normal;font-variant-ligatures:normal;font-weight:400;letter-spacing:normal;orphans:2;text-align:start;text-decoration-color:initial;text-decoration-style:initial;text-decoration-thickness:initial;text-indent:0px;text-transform:none;white-space:normal;widows:2;word-spacing:0px;\">Mag\u00e1val ragad\u00f3 hangulat\u00fa, egyedi R\u00d6NKH\u00c1Z, gy\u00f6ny\u00f6r\u0171 term\u00e9szeti k\u00f6rnyezetben, v\u00e1logatott borovi feny\u0151b\u0151l meg\u00e9p\u00edtve.<\/span><\/span><br \/><span style=\"background-color:rgb(255,255,255);color:rgb(16,17,19);\"><span style=\"-webkit-text-stroke-width:0px;display:inline !important;float:none;font-family:&quot;IBM Plex Sans&quot;, sans-serif;font-size:16px;font-style:normal;font-variant-caps:normal;font-variant-ligatures:normal;font-weight:400;letter-spacing:normal;orphans:2;text-align:start;text-decoration-color:initial;text-decoration-style:initial;text-decoration-thickness:initial;text-indent:0px;text-transform:none;white-space:normal;widows:2;word-spacing:0px;\">A h\u00e1zzal szemben erd\u0151, a kert v\u00e9g\u00e9ben a R\u00e1kos-patak csordog\u00e1l.<\/span><\/span><br \/><span style=\"background-color:rgb(255,255,255);color:rgb(16,17,19);\"><span style=\"-webkit-text-stroke-width:0px;display:inline !important;float:none;font-family:&quot;IBM Plex Sans&quot;, sans-serif;font-size:16px;font-style:normal;font-variant-caps:normal;font-variant-ligatures:normal;font-weight:400;letter-spacing:normal;orphans:2;text-align:start;text-decoration-color:initial;text-decoration-style:initial;text-decoration-thickness:initial;text-indent:0px;text-transform:none;white-space:normal;widows:2;word-spacing:0px;\">3 h\u00e1l\u00f3szoba, d\u00e9li t\u00e1jol\u00e1s\u00fa nappali + amerikai konyha \u00e9tkez\u0151vel, nagym\u00e9ret\u0171 fedett terasz, f\u00fcrd\u0151szoba, k\u00fcl\u00f6n WC, h\u00e1ztart\u00e1si helyis\u00e9g.<\/span><\/span><br \/><span style=\"background-color:rgb(255,255,255);color:rgb(16,17,19);\"><span style=\"-webkit-text-stroke-width:0px;display:inline !important;float:none;font-family:&quot;IBM Plex Sans&quot;, sans-serif;font-size:16px;font-style:normal;font-variant-caps:normal;font-variant-ligatures:normal;font-weight:400;letter-spacing:normal;orphans:2;text-align:start;text-decoration-color:initial;text-decoration-style:initial;text-decoration-thickness:initial;text-indent:0px;text-transform:none;white-space:normal;widows:2;word-spacing:0px;\">A nappalinak k\u00fcl\u00f6nlegesen t\u00e1gas hangulatot ad a nagy belmagass\u00e1g\u00fa kialak\u00edt\u00e1sa, ugyanakkor a h\u00e1l\u00f3szob\u00e1k feletti tet\u0151t\u00e9r ak\u00e1r be is \u00e9p\u00edthet\u0151!<\/span><\/span><br \/><span style=\"background-color:rgb(255,255,255);color:rgb(16,17,19);\"><span style=\"-webkit-text-stroke-width:0px;display:inline !important;float:none;font-family:&quot;IBM Plex Sans&quot;, sans-serif;font-size:16px;font-style:normal;font-variant-caps:normal;font-variant-ligatures:normal;font-weight:400;letter-spacing:normal;orphans:2;text-align:start;text-decoration-color:initial;text-decoration-style:initial;text-decoration-thickness:initial;text-indent:0px;text-transform:none;white-space:normal;widows:2;word-spacing:0px;\">A szob\u00e1kban haj\u00f3padl\u00f3, a t\u00f6bbi helyis\u00e9gben ker\u00e1mia padl\u00f3burkolat tal\u00e1lhat\u00f3. A f\u0171t\u00e9st g\u00e1z cirk\u00f3 biztos\u00edtja, kandall\u00f3 kialak\u00edt\u00e1s\u00e1nak lehet\u0151s\u00e9ge adott.<\/span><\/span><br \/><span style=\"background-color:rgb(255,255,255);color:rgb(16,17,19);\"><span style=\"-webkit-text-stroke-width:0px;display:inline !important;float:none;font-family:&quot;IBM Plex Sans&quot;, sans-serif;font-size:16px;font-style:normal;font-variant-caps:normal;font-variant-ligatures:normal;font-weight:400;letter-spacing:normal;orphans:2;text-align:start;text-decoration-color:initial;text-decoration-style:initial;text-decoration-thickness:initial;text-indent:0px;text-transform:none;white-space:normal;widows:2;word-spacing:0px;\">A telken bel\u00fcl 2 aut\u00f3 be\u00e1ll\u00e1s\u00e1ra alkalmas gar\u00e1zs tal\u00e1lhat\u00f3. A fels\u0151 kertben gy\u00fcm\u00f6lcsf\u00e1s hobbikert , sz\u0151l\u0151lugas, az als\u00f3 kertben pedig l\u00f3tart\u00e1sra alkalmas infrastrukt\u00fara k\u00fcl\u00f6n gazdas\u00e1gi bej\u00e1rattal. Ig\u00e9nyesen kialak\u00edtott, 2 db k\u00fcl\u00f6n\u00e1ll\u00f3 13 nm-es boksz, k\u00fcl\u00f6n szersz\u00e1mt\u00e1rol\u00f3, nagy takarm\u00e1nyt\u00e1rol\u00f3 mely ig\u00e9ny eset\u00e9n m\u0171helly\u00e9 alak\u00edthat\u00f3.<\/span><\/span><br \/><span style=\"background-color:rgb(255,255,255);color:rgb(16,17,19);\"><span style=\"-webkit-text-stroke-width:0px;display:inline !important;float:none;font-family:&quot;IBM Plex Sans&quot;, sans-serif;font-size:16px;font-style:normal;font-variant-caps:normal;font-variant-ligatures:normal;font-weight:400;letter-spacing:normal;orphans:2;text-align:start;text-decoration-color:initial;text-decoration-style:initial;text-decoration-thickness:initial;text-indent:0px;text-transform:none;white-space:normal;widows:2;word-spacing:0px;\">A h\u00e1z magas min\u0151s\u00e9g\u0171 anyagokb\u00f3l \u00e9p\u00fclt. Az \u00e1tlagn\u00e1l vastagabb ( 28 cm) r\u00f6nk\u00f6k a szubarktikus ( Oroszorsz\u00e1g \u00e9szaki r\u00e9sz\u00e9r\u0151l) \u00e9ghajlatnak k\u00f6sz\u00f6nhet\u0151en, nagyon magas gyantatartalommal rendelkeznek, ez\u00e1ltal \u00f6sszehasonl\u00edthatatlan az ellen\u00e1ll\u00f3- \u00e9s h\u0151szigetel\u00e9si-k\u00e9pess\u00e9g\u00fck a m\u00e9rs\u00e9keltebb \u00e9ghajlaton termelt feny\u0151 faanyagokhoz k\u00e9pest. Az \u00e9p\u00edt\u00e9sn\u00e9l csak f\u00e1val csapoltak, illesztettek, sem csavar, sem szeg nem ker\u00fclt be\u00e9p\u00edt\u00e9sre, \u00edgy egyenletesen \u00fclepedett, a vasalat mellett nem vetemedett sehol. Minden alkot\u00f3r\u00e9sze a ny\u00edl\u00e1sz\u00e1r\u00f3kt\u00f3l, a ny\u00edl\u00e1sz\u00e1r\u00f3k tokol\u00e1s\u00e1n kereszt\u00fcl, az utols\u00f3 villanykapcsol\u00f3ig v\u00e1logatott anyagokb\u00f3l, egyedileg, k\u00e9zzel k\u00e9sz\u00fclt el. M\u00e1rciusban \u00faj osztr\u00e1k \u00e9getett ker\u00e1mia tet\u0151h\u00e9jjal\u00e1st kap a h\u00e1z 50 \u00e9v garanci\u00e1val, valamint \u00faj, f\u00fajt tet\u0151szigetel\u00e9s \u00e9s a h\u00e1z teljes \u00fajra fest\u00e9se is a v\u00e9tel\u00e1r r\u00e9sz\u00e9t k\u00e9pezik.<\/span><\/span><\/p>\n","protected":false},"excerpt":{"rendered":"<p>INGATLANCSERE, -BESZ\u00c1M\u00cdT\u00c1S LEHET\u0150S\u00c9GE! Mag\u00e1val ragad\u00f3 hangulat\u00fa, egyedi R\u00d6NKH\u00c1Z, gy\u00f6ny\u00f6r\u0171 term\u00e9szeti k\u00f6rnyezetben, v\u00e1logatott borovi feny\u0151b\u0151l meg\u00e9p\u00edtve.A h\u00e1zzal szemben erd\u0151, a kert v\u00e9g\u00e9ben a R\u00e1kos-patak csordog\u00e1l.3 h\u00e1l\u00f3szoba, d\u00e9li t\u00e1jol\u00e1s\u00fa nappali + amerikai konyha \u00e9tkez\u0151vel, nagym\u00e9ret\u0171 fedett terasz, f\u00fcrd\u0151szoba, k\u00fcl\u00f6n WC, h\u00e1ztart\u00e1si helyis\u00e9g.A nappalinak k\u00fcl\u00f6nlegesen t\u00e1gas hangulatot ad a nagy belmagass\u00e1g\u00fa kialak\u00edt\u00e1sa, ugyanakkor a h\u00e1l\u00f3szob\u00e1k feletti tet\u0151t\u00e9r ak\u00e1r [&hellip;]<\/p>\n","protected":false},"author":1,"featured_media":18726,"parent":0,"menu_order":0,"template":"","property_type":[5586],"property_status":[36],"property_feature":[],"property_label":[5591],"property_country":[],"property_state":[124],"property_city":[2099],"property_area":[],"class_list":["post-18725","property","type-property","status-publish","has-post-thumbnail","hentry","property_type-haz","property_status-elado","property_label-kiemelt","property_state-pest","property_city-isaszeg"],"property_meta":{"_oracle_property_id":["3470"],"fave_agent_display_option":["agent_info"],"fave_agents":["17490"],"fave_property_map_address":["Isaszeg, Buda u. 47A"],"fave_property_address":["Buda u. 47A"],"fave_property_size":["120"],"fave_property_size_prefix":["m\u00b2"],"fave_property_price":["119000000"],"fave_property_country":["HU"],"fave_property_land":["1200"],"fave_property_land_postfix":["m\u00b2"],"fave_property_bedrooms":["4"],"fave_property_year":["2009"],"_thumbnail_id":["18726"],"houzez_total_property_views":["90"],"houzez_views_by_date":["a:24:{s:10:\"03-18-2026\";i:2;s:10:\"03-19-2026\";i:9;s:10:\"03-20-2026\";i:9;s:10:\"03-21-2026\";i:2;s:10:\"03-22-2026\";i:4;s:10:\"03-23-2026\";i:2;s:10:\"03-24-2026\";i:2;s:10:\"03-25-2026\";i:3;s:10:\"03-26-2026\";i:5;s:10:\"03-27-2026\";i:9;s:10:\"03-28-2026\";i:4;s:10:\"03-29-2026\";i:5;s:10:\"03-30-2026\";i:7;s:10:\"03-31-2026\";i:2;s:10:\"04-01-2026\";i:3;s:10:\"04-02-2026\";i:1;s:10:\"04-04-2026\";i:5;s:10:\"04-06-2026\";i:9;s:10:\"04-08-2026\";i:1;s:10:\"04-14-2026\";i:2;s:10:\"04-20-2026\";i:1;s:10:\"04-22-2026\";i:1;s:10:\"04-27-2026\";i:1;s:10:\"04-29-2026\";i:1;}"],"houzez_recently_viewed":["2026-04-29 11:10:12"],"_edit_lock":["1774024964:1"],"_edit_last":["1"],"fave_show_price_placeholder":["0"],"fave_property_location":["47.5248166,19.3837132,14"],"houzez_geolocation_lat":["47.5248166"],"houzez_geolocation_long":["19.3837132"],"fave_property_map_street_view":["hide"],"fave_single_top_area":["global"],"fave_single_content_area":["global"],"houzez_manual_expire":["0"],"_houzez_expiration_date_status":["saved"],"fave_property_images":["18727"],"_elementor_page_assets":["a:0:{}"]},"_links":{"self":[{"href":"https:\/\/globalhungary.hu\/index.php\/wp-json\/wp\/v2\/properties\/18725","targetHints":{"allow":["GET"]}}],"collection":[{"href":"https:\/\/globalhungary.hu\/index.php\/wp-json\/wp\/v2\/properties"}],"about":[{"href":"https:\/\/globalhungary.hu\/index.php\/wp-json\/wp\/v2\/types\/property"}],"author":[{"embeddable":true,"href":"https:\/\/globalhungary.hu\/index.php\/wp-json\/wp\/v2\/users\/1"}],"version-history":[{"count":1,"href":"https:\/\/globalhungary.hu\/index.php\/wp-json\/wp\/v2\/properties\/18725\/revisions"}],"predecessor-version":[{"id":18768,"href":"https:\/\/globalhungary.hu\/index.php\/wp-json\/wp\/v2\/properties\/18725\/revisions\/18768"}],"wp:featuredmedia":[{"embeddable":true,"href":"https:\/\/globalhungary.hu\/index.php\/wp-json\/wp\/v2\/media\/18726"}],"wp:attachment":[{"href":"https:\/\/globalhungary.hu\/index.php\/wp-json\/wp\/v2\/media?parent=18725"}],"wp:term":[{"taxonomy":"property_type","embeddable":true,"href":"https:\/\/globalhungary.hu\/index.php\/wp-json\/wp\/v2\/property_type?post=18725"},{"taxonomy":"property_status","embeddable":true,"href":"https:\/\/globalhungary.hu\/index.php\/wp-json\/wp\/v2\/property_status?post=18725"},{"taxonomy":"property_feature","embeddable":true,"href":"https:\/\/globalhungary.hu\/index.php\/wp-json\/wp\/v2\/property_feature?post=18725"},{"taxonomy":"property_label","embeddable":true,"href":"https:\/\/globalhungary.hu\/index.php\/wp-json\/wp\/v2\/property_label?post=18725"},{"taxonomy":"property_country","embeddable":true,"href":"https:\/\/globalhungary.hu\/index.php\/wp-json\/wp\/v2\/property_country?post=18725"},{"taxonomy":"property_state","embeddable":true,"href":"https:\/\/globalhungary.hu\/index.php\/wp-json\/wp\/v2\/property_state?post=18725"},{"taxonomy":"property_city","embeddable":true,"href":"https:\/\/globalhungary.hu\/index.php\/wp-json\/wp\/v2\/property_city?post=18725"},{"taxonomy":"property_area","embeddable":true,"href":"https:\/\/globalhungary.hu\/index.php\/wp-json\/wp\/v2\/property_area?post=18725"}],"curies":[{"name":"wp","href":"https:\/\/api.w.org\/{rel}","templated":true}]}}

Gerendaház az erdő szélén!

<p><span style="background-color:rgb(255,255,255);color:rgb(16,17,19);"><span style="-webkit-text-stroke-width:0px;display:inline !important;float:none;font-family:&quot;IBM Plex Sans&quot;, sans-serif;font-size:16px;font-style:normal;font-variant-caps:normal;font-variant-ligatures:normal;font-weight:400;letter-spacing:normal;orphans:2;text-align:start;text-decoration-color:initial;text-decoration-style:initial;text-decoration-thickness:initial;text-indent:0px;text-transform:none;white-space:normal;widows:2;word-spacing:0px;">INGATLANCSERE, -BESZÁMÍTÁS LEHETŐSÉGE!</span></span></p>
<p><span style="background-color:rgb(255,255,255);color:rgb(16,17,19);"><span style="-webkit-text-stroke-width:0px;display:inline !important;float:none;font-family:&quot;IBM Plex Sans&quot;, sans-serif;font-size:16px;font-style:normal;font-variant-caps:normal;font-variant-ligatures:normal;font-weight:400;letter-spacing:normal;orphans:2;text-align:start;text-decoration-color:initial;text-decoration-style:initial;text-decoration-thickness:initial;text-indent:0px;text-transform:none;white-space:normal;widows:2;word-spacing:0px;">Magával ragadó hangulatú, egyedi RÖNKHÁZ, gyönyörű természeti környezetben, válogatott borovi fenyőből megépítve.</span></span><br /><span style="background-color:rgb(255,255,255);color:rgb(16,17,19);"><span style="-webkit-text-stroke-width:0px;display:inline !important;float:none;font-family:&quot;IBM Plex Sans&quot;, sans-serif;font-size:16px;font-style:normal;font-variant-caps:normal;font-variant-ligatures:normal;font-weight:400;letter-spacing:normal;orphans:2;text-align:start;text-decoration-color:initial;text-decoration-style:initial;text-decoration-thickness:initial;text-indent:0px;text-transform:none;white-space:normal;widows:2;word-spacing:0px;">A házzal szemben erdő, a kert végében a Rákos-patak csordogál.</span></span><br /><span style="background-color:rgb(255,255,255);color:rgb(16,17,19);"><span style="-webkit-text-stroke-width:0px;display:inline !important;float:none;font-family:&quot;IBM Plex Sans&quot;, sans-serif;font-size:16px;font-style:normal;font-variant-caps:normal;font-variant-ligatures:normal;font-weight:400;letter-spacing:normal;orphans:2;text-align:start;text-decoration-color:initial;text-decoration-style:initial;text-decoration-thickness:initial;text-indent:0px;text-transform:none;white-space:normal;widows:2;word-spacing:0px;">3 hálószoba, déli tájolású nappali + amerikai konyha étkezővel, nagyméretű fedett terasz, fürdőszoba, külön WC, háztartási helyiség.</span></span><br /><span style="background-color:rgb(255,255,255);color:rgb(16,17,19);"><span style="-webkit-text-stroke-width:0px;display:inline !important;float:none;font-family:&quot;IBM Plex Sans&quot;, sans-serif;font-size:16px;font-style:normal;font-variant-caps:normal;font-variant-ligatures:normal;font-weight:400;letter-spacing:normal;orphans:2;text-align:start;text-decoration-color:initial;text-decoration-style:initial;text-decoration-thickness:initial;text-indent:0px;text-transform:none;white-space:normal;widows:2;word-spacing:0px;">A nappalinak különlegesen tágas hangulatot ad a nagy belmagasságú kialakítása, ugyanakkor a hálószobák feletti tetőtér akár be is építhető!</span></span><br /><span style="background-color:rgb(255,255,255);color:rgb(16,17,19);"><span style="-webkit-text-stroke-width:0px;display:inline !important;float:none;font-family:&quot;IBM Plex Sans&quot;, sans-serif;font-size:16px;font-style:normal;font-variant-caps:normal;font-variant-ligatures:normal;font-weight:400;letter-spacing:normal;orphans:2;text-align:start;text-decoration-color:initial;text-decoration-style:initial;text-decoration-thickness:initial;text-indent:0px;text-transform:none;white-space:normal;widows:2;word-spacing:0px;">A szobákban hajópadló, a többi helyiségben kerámia padlóburkolat található. A fűtést gáz cirkó biztosítja, kandalló kialakításának lehetősége adott.</span></span><br /><span style="background-color:rgb(255,255,255);color:rgb(16,17,19);"><span style="-webkit-text-stroke-width:0px;display:inline !important;float:none;font-family:&quot;IBM Plex Sans&quot;, sans-serif;font-size:16px;font-style:normal;font-variant-caps:normal;font-variant-ligatures:normal;font-weight:400;letter-spacing:normal;orphans:2;text-align:start;text-decoration-color:initial;text-decoration-style:initial;text-decoration-thickness:initial;text-indent:0px;text-transform:none;white-space:normal;widows:2;word-spacing:0px;">A telken belül 2 autó beállására alkalmas garázs található. A felső kertben gyümölcsfás hobbikert , szőlőlugas, az alsó kertben pedig lótartásra alkalmas infrastruktúra külön gazdasági bejárattal. Igényesen kialakított, 2 db különálló 13 nm-es boksz, külön szerszámtároló, nagy takarmánytároló mely igény esetén műhellyé alakítható.</span></span><br /><span style="background-color:rgb(255,255,255);color:rgb(16,17,19);"><span style="-webkit-text-stroke-width:0px;display:inline !important;float:none;font-family:&quot;IBM Plex Sans&quot;, sans-serif;font-size:16px;font-style:normal;font-variant-caps:normal;font-variant-ligatures:normal;font-weight:400;letter-spacing:normal;orphans:2;text-align:start;text-decoration-color:initial;text-decoration-style:initial;text-decoration-thickness:initial;text-indent:0px;text-transform:none;white-space:normal;widows:2;word-spacing:0px;">A ház magas minőségű anyagokból épült. Az átlagnál vastagabb ( 28 cm) rönkök a szubarktikus ( Oroszország északi részéről) éghajlatnak köszönhetően, nagyon magas gyantatartalommal rendelkeznek, ezáltal összehasonlíthatatlan az ellenálló- és hőszigetelési-képességük a mérsékeltebb éghajlaton termelt fenyő faanyagokhoz képest. Az építésnél csak fával csapoltak, illesztettek, sem csavar, sem szeg nem került beépítésre, így egyenletesen ülepedett, a vasalat mellett nem vetemedett sehol. Minden alkotórésze a nyílászáróktól, a nyílászárók tokolásán keresztül, az utolsó villanykapcsolóig válogatott anyagokból, egyedileg, kézzel készült el. Márciusban új osztrák égetett kerámia tetőhéjjalást kap a ház 50 év garanciával, valamint új, fújt tetőszigetelés és a ház teljes újra festése is a vételár részét képezik.</span></span></p>

<p>INGATLANCSERE, -BESZÁMÍTÁS LEHETŐSÉGE! Magával ragadó hangulatú, egyedi RÖNKHÁZ, gyönyörű természeti környezetben, válogatott borovi fenyőből megépítve.A házzal szemben erdő, a kert végében a Rákos-patak csordogál.3 hálószoba, déli tájolású nappali + amerikai konyha étkezővel, nagyméretű fedett terasz, fürdőszoba, külön WC, háztartási helyiség.A nappalinak különlegesen tágas hangulatot ad a nagy belmagasságú kialakítása, ugyanakkor a hálószobák feletti tetőtér akár [&hellip;]</p>
