{"id":18740,"date":"2026-03-18T20:28:55","date_gmt":"2026-03-18T20:28:55","guid":{"rendered":"https:\/\/globalhungary.hu\/index.php\/property\/budapest-07-erzsebet-korut-19-1-em\/"},"modified":"2026-04-14T08:00:39","modified_gmt":"2026-04-14T08:00:39","slug":"budapest-07-erzsebet-korut-19-1-em","status":"publish","type":"property","link":"https:\/\/globalhungary.hu\/index.php\/property\/budapest-07-erzsebet-korut-19-1-em\/","title":{"rendered":"Budapest 07 &#8211; Erzs\u00e9bet K\u00f6r\u00fat 19. 1. em."},"content":{"rendered":"<p><span style=\"background-color:rgb(255,255,255);color:rgb(16,17,19);\"><span style=\"-webkit-text-stroke-width:0px;display:inline !important;float:none;font-family:&quot;IBM Plex Sans&quot;, sans-serif;font-size:16px;font-style:normal;font-variant-caps:normal;font-variant-ligatures:normal;font-weight:400;letter-spacing:normal;orphans:2;text-align:start;text-decoration-color:initial;text-decoration-style:initial;text-decoration-thickness:initial;text-indent:0px;text-transform:none;white-space:normal;widows:2;word-spacing:0px;\">Ingatlancsere, besz\u00e1m\u00edt\u00e1s lehets\u00e9ges!<\/span><\/span><br \/><span style=\"background-color:rgb(255,255,255);color:rgb(16,17,19);\"><span style=\"-webkit-text-stroke-width:0px;display:inline !important;float:none;font-family:&quot;IBM Plex Sans&quot;, sans-serif;font-size:16px;font-style:normal;font-variant-caps:normal;font-variant-ligatures:normal;font-weight:400;letter-spacing:normal;orphans:2;text-align:start;text-decoration-color:initial;text-decoration-style:initial;text-decoration-thickness:initial;text-indent:0px;text-transform:none;white-space:normal;widows:2;word-spacing:0px;\">VII. ker. Erzs\u00e9bet k\u00f6r\u00fat 21. sz\u00e1m alatt a Wessel\u00e9nyi utc\u00e1n\u00e1l, igen csendes \u00e9s vil\u00e1gos els\u0151 emeleti, frissen teljesen fel\u00faj\u00edtott lak\u00e1s, kultur\u00e1lt h\u00e1zban s\u00fcrg\u0151sen elad\u00f3. K\u00e9t nagyszoba, egy \u00e1tj\u00e1r\u00f3s kisszoba, ami \u00e9tkez\u0151k\u00e9nt is haszn\u00e1lhat\u00f3, egy kis dolgoz\u00f3szoba, ami a m\u00e1sodik nagyszob\u00e1b\u00f3l ny\u00edlik, de gardr\u00f3bk\u00e9nt is haszn\u00e1lhat\u00f3, konyha, f\u00fcrd\u0151 &#8211; wc a lak\u00e1s r\u00e9szei. Egy l\u00e9p\u00e9s a belv\u00e1ros l\u00fcktet\u0151 sz\u00edve. Csak a ruh\u00e1idat kell hozni, itt mindent megkapsz. Befektet\u00e9snek sem tal\u00e1lsz jobb helyen, mivel a h\u00e1zban enged\u00e9lyezett az Airbnb is. Ingatlancsere besz\u00e1m\u00edt\u00e1st c\u00e9g\u00fcnk nem csak lak\u00f3ingatlanra, de nyaral\u00f3, ipari, kereskedelmi \u00e9s mez\u0151gazdas\u00e1gi ingatlanra is kiterjeszti sz\u00fcks\u00e9g eset\u00e9n. A kedvezm\u00e9nyes 3% -os hitelt enn\u00e9l a lak\u00e1sn\u00e1l term\u00e9szetesen ig\u00e9nybe veheted.<\/span><\/span><\/p>\n","protected":false},"excerpt":{"rendered":"<p>Ingatlancsere, besz\u00e1m\u00edt\u00e1s lehets\u00e9ges!VII. ker. Erzs\u00e9bet k\u00f6r\u00fat 21. sz\u00e1m alatt a Wessel\u00e9nyi utc\u00e1n\u00e1l, igen csendes \u00e9s vil\u00e1gos els\u0151 emeleti, frissen teljesen fel\u00faj\u00edtott lak\u00e1s, kultur\u00e1lt h\u00e1zban s\u00fcrg\u0151sen elad\u00f3. K\u00e9t nagyszoba, egy \u00e1tj\u00e1r\u00f3s kisszoba, ami \u00e9tkez\u0151k\u00e9nt is haszn\u00e1lhat\u00f3, egy kis dolgoz\u00f3szoba, ami a m\u00e1sodik nagyszob\u00e1b\u00f3l ny\u00edlik, de gardr\u00f3bk\u00e9nt is haszn\u00e1lhat\u00f3, konyha, f\u00fcrd\u0151 &#8211; wc a lak\u00e1s r\u00e9szei. Egy [&hellip;]<\/p>\n","protected":false},"author":1,"featured_media":18741,"parent":0,"menu_order":0,"template":"","property_type":[5575],"property_status":[36],"property_feature":[],"property_label":[5591],"property_country":[],"property_state":[770],"property_city":[777],"property_area":[],"class_list":["post-18740","property","type-property","status-publish","has-post-thumbnail","hentry","property_type-lakas","property_status-elado","property_label-kiemelt","property_state-budapest","property_city-budapest-07"],"property_meta":{"_oracle_property_id":["1190"],"fave_agent_display_option":["agent_info"],"fave_agents":["17490"],"fave_property_map_address":["Budapest 07, Erzs\u00e9bet K\u00f6r\u00fat 19. 1. em."],"fave_property_address":["Erzs\u00e9bet K\u00f6r\u00fat 19. 1. em."],"fave_property_size":["67"],"fave_property_size_prefix":["m\u00b2"],"fave_property_price":["90000000"],"fave_property_country":["HU"],"_thumbnail_id":["18741"],"houzez_total_property_views":["333"],"houzez_views_by_date":["a:28:{s:10:\"03-18-2026\";i:2;s:10:\"03-19-2026\";i:41;s:10:\"03-20-2026\";i:26;s:10:\"03-21-2026\";i:7;s:10:\"03-22-2026\";i:6;s:10:\"03-23-2026\";i:8;s:10:\"03-24-2026\";i:9;s:10:\"03-25-2026\";i:12;s:10:\"03-26-2026\";i:11;s:10:\"03-27-2026\";i:13;s:10:\"03-28-2026\";i:8;s:10:\"03-29-2026\";i:5;s:10:\"03-30-2026\";i:6;s:10:\"03-31-2026\";i:5;s:10:\"04-01-2026\";i:17;s:10:\"04-02-2026\";i:24;s:10:\"04-03-2026\";i:19;s:10:\"04-04-2026\";i:42;s:10:\"04-05-2026\";i:25;s:10:\"04-06-2026\";i:16;s:10:\"04-07-2026\";i:14;s:10:\"04-08-2026\";i:10;s:10:\"04-10-2026\";i:1;s:10:\"04-14-2026\";i:2;s:10:\"04-20-2026\";i:1;s:10:\"04-21-2026\";i:1;s:10:\"04-24-2026\";i:1;s:10:\"04-29-2026\";i:1;}"],"houzez_recently_viewed":["2026-04-29 11:24:01"],"_edit_lock":["1774024929:1"],"_edit_last":["1"],"fave_show_price_placeholder":["0"],"fave_property_location":["0,0,0"],"houzez_geolocation_lat":["0"],"houzez_geolocation_long":["0"],"fave_property_map_street_view":["hide"],"fave_single_top_area":["global"],"fave_single_content_area":["global"],"houzez_manual_expire":["0"],"_houzez_expiration_date_status":["saved"],"fave_property_images":["18742","18743","18744","18745","18746","18747","18748","18749","18750","18946","18752"],"_elementor_page_assets":["a:0:{}"]},"_links":{"self":[{"href":"https:\/\/globalhungary.hu\/index.php\/wp-json\/wp\/v2\/properties\/18740","targetHints":{"allow":["GET"]}}],"collection":[{"href":"https:\/\/globalhungary.hu\/index.php\/wp-json\/wp\/v2\/properties"}],"about":[{"href":"https:\/\/globalhungary.hu\/index.php\/wp-json\/wp\/v2\/types\/property"}],"author":[{"embeddable":true,"href":"https:\/\/globalhungary.hu\/index.php\/wp-json\/wp\/v2\/users\/1"}],"version-history":[{"count":1,"href":"https:\/\/globalhungary.hu\/index.php\/wp-json\/wp\/v2\/properties\/18740\/revisions"}],"predecessor-version":[{"id":18770,"href":"https:\/\/globalhungary.hu\/index.php\/wp-json\/wp\/v2\/properties\/18740\/revisions\/18770"}],"wp:featuredmedia":[{"embeddable":true,"href":"https:\/\/globalhungary.hu\/index.php\/wp-json\/wp\/v2\/media\/18741"}],"wp:attachment":[{"href":"https:\/\/globalhungary.hu\/index.php\/wp-json\/wp\/v2\/media?parent=18740"}],"wp:term":[{"taxonomy":"property_type","embeddable":true,"href":"https:\/\/globalhungary.hu\/index.php\/wp-json\/wp\/v2\/property_type?post=18740"},{"taxonomy":"property_status","embeddable":true,"href":"https:\/\/globalhungary.hu\/index.php\/wp-json\/wp\/v2\/property_status?post=18740"},{"taxonomy":"property_feature","embeddable":true,"href":"https:\/\/globalhungary.hu\/index.php\/wp-json\/wp\/v2\/property_feature?post=18740"},{"taxonomy":"property_label","embeddable":true,"href":"https:\/\/globalhungary.hu\/index.php\/wp-json\/wp\/v2\/property_label?post=18740"},{"taxonomy":"property_country","embeddable":true,"href":"https:\/\/globalhungary.hu\/index.php\/wp-json\/wp\/v2\/property_country?post=18740"},{"taxonomy":"property_state","embeddable":true,"href":"https:\/\/globalhungary.hu\/index.php\/wp-json\/wp\/v2\/property_state?post=18740"},{"taxonomy":"property_city","embeddable":true,"href":"https:\/\/globalhungary.hu\/index.php\/wp-json\/wp\/v2\/property_city?post=18740"},{"taxonomy":"property_area","embeddable":true,"href":"https:\/\/globalhungary.hu\/index.php\/wp-json\/wp\/v2\/property_area?post=18740"}],"curies":[{"name":"wp","href":"https:\/\/api.w.org\/{rel}","templated":true}]}}

Budapest 07 &#8211; Erzsébet Körút 19. 1. em.

<p><span style="background-color:rgb(255,255,255);color:rgb(16,17,19);"><span style="-webkit-text-stroke-width:0px;display:inline !important;float:none;font-family:&quot;IBM Plex Sans&quot;, sans-serif;font-size:16px;font-style:normal;font-variant-caps:normal;font-variant-ligatures:normal;font-weight:400;letter-spacing:normal;orphans:2;text-align:start;text-decoration-color:initial;text-decoration-style:initial;text-decoration-thickness:initial;text-indent:0px;text-transform:none;white-space:normal;widows:2;word-spacing:0px;">Ingatlancsere, beszámítás lehetséges!</span></span><br /><span style="background-color:rgb(255,255,255);color:rgb(16,17,19);"><span style="-webkit-text-stroke-width:0px;display:inline !important;float:none;font-family:&quot;IBM Plex Sans&quot;, sans-serif;font-size:16px;font-style:normal;font-variant-caps:normal;font-variant-ligatures:normal;font-weight:400;letter-spacing:normal;orphans:2;text-align:start;text-decoration-color:initial;text-decoration-style:initial;text-decoration-thickness:initial;text-indent:0px;text-transform:none;white-space:normal;widows:2;word-spacing:0px;">VII. ker. Erzsébet körút 21. szám alatt a Wesselényi utcánál, igen csendes és világos első emeleti, frissen teljesen felújított lakás, kulturált házban sürgősen eladó. Két nagyszoba, egy átjárós kisszoba, ami étkezőként is használható, egy kis dolgozószoba, ami a második nagyszobából nyílik, de gardróbként is használható, konyha, fürdő &#8211; wc a lakás részei. Egy lépés a belváros lüktető szíve. Csak a ruháidat kell hozni, itt mindent megkapsz. Befektetésnek sem találsz jobb helyen, mivel a házban engedélyezett az Airbnb is. Ingatlancsere beszámítást cégünk nem csak lakóingatlanra, de nyaraló, ipari, kereskedelmi és mezőgazdasági ingatlanra is kiterjeszti szükség esetén. A kedvezményes 3% -os hitelt ennél a lakásnál természetesen igénybe veheted.</span></span></p>

<p>Ingatlancsere, beszámítás lehetséges!VII. ker. Erzsébet körút 21. szám alatt a Wesselényi utcánál, igen csendes és világos első emeleti, frissen teljesen felújított lakás, kulturált házban sürgősen eladó. Két nagyszoba, egy átjárós kisszoba, ami étkezőként is használható, egy kis dolgozószoba, ami a második nagyszobából nyílik, de gardróbként is használható, konyha, fürdő &#8211; wc a lakás részei. Egy [&hellip;]</p>

Budapest 07, Erzsébet Körút 19. 1. em.

Erzsébet Körút 19. 1. em.
